{"id":130,"date":"2015-05-10T20:53:33","date_gmt":"2015-05-10T20:53:33","guid":{"rendered":"http:\/\/sportunion-sachseln.ch\/?page_id=130"},"modified":"2025-07-22T22:15:09","modified_gmt":"2025-07-22T20:15:09","slug":"jugi-2","status":"publish","type":"page","link":"https:\/\/sportunion-sachseln.ch\/?page_id=130","title":{"rendered":"Jugi"},"content":{"rendered":"<h5>Turnhalle T\u00fcrli<\/h5>\n<p>Freitag 18.15 \u2013 19.45 Uhr<\/p>\n<p><strong>In der Jugi dreht sich alles um Spiel und Spass<br \/><\/strong>Die M\u00e4dchen der 3. bis 5. Klasse k\u00f6nnen \u2013 manchmal als Team und manchmal auch einzeln \u2013 die verschiedensten Bewegungsformen kennenlernen. Von springen, h\u00fcpfen, tanzen \u00fcber rollen, klettern und spielen mit B\u00e4llen, Gymnastikb\u00e4ndern oder Springseilen wird alles einmal ausprobiert. Wer Abwechslung mag, ist bei uns genau richtig.<\/p>\n<p><a href=\"http:\/\/sportunion-sachseln.ch\/wp-content\/uploads\/2024\/03\/IMG-20210625-WA0025.jpg\"><img loading=\"lazy\" class=\"alignnone  wp-image-2677\" src=\"http:\/\/sportunion-sachseln.ch\/wp-content\/uploads\/2024\/03\/IMG-20210625-WA0025-1024x768.jpg\" alt=\"\" width=\"388\" height=\"291\" srcset=\"https:\/\/sportunion-sachseln.ch\/wp-content\/uploads\/2024\/03\/IMG-20210625-WA0025-1024x768.jpg 1024w, https:\/\/sportunion-sachseln.ch\/wp-content\/uploads\/2024\/03\/IMG-20210625-WA0025-300x225.jpg 300w, https:\/\/sportunion-sachseln.ch\/wp-content\/uploads\/2024\/03\/IMG-20210625-WA0025-768x576.jpg 768w, https:\/\/sportunion-sachseln.ch\/wp-content\/uploads\/2024\/03\/IMG-20210625-WA0025-1536x1152.jpg 1536w, https:\/\/sportunion-sachseln.ch\/wp-content\/uploads\/2024\/03\/IMG-20210625-WA0025.jpg 2048w\" sizes=\"(max-width: 388px) 100vw, 388px\" \/><\/a><\/p>\n<p><strong>Auskunft und Anmeldungen an: <\/strong>Andrea von Moos, Mail: wagner_andrea@bluewin.ch<\/p>\n<p><strong>Genauere Infos zur Anmeldung<\/strong><strong>: <a href=\"http:\/\/sportunion-sachseln.ch\/wp-content\/uploads\/2025\/07\/2025_Jugi-guen.pdf\">Ausschreibung Jugi<\/a><\/strong><\/p>\n<h5>\u00a0<\/h5>\n<h5>Unter der Leitung von<\/h5>\n<p><strong>Andrea von Moos<br \/><\/strong><strong><strong>Myriam Bucher<br \/>Manuela K\u00fcmin<br \/>Priska von Glutz<br \/>Alexandra Huber<br \/>Laura Wey (Hilfsleiterin)<br \/>Elena von Moos (Hilfsleiterin)<br \/>Anna Zurfluh (Hilfsleiterin)<\/strong><\/strong><\/p>\n<p>\u00a0<\/p>\n\n\n<figure class=\"wp-block-image size-large is-resized\"><img loading=\"lazy\" src=\"http:\/\/sportunion-sachseln.ch\/wp-content\/uploads\/2021\/06\/Andrea-1-768x1024.jpg\" alt=\"\" class=\"wp-image-2180\" width=\"156\" height=\"207\" srcset=\"https:\/\/sportunion-sachseln.ch\/wp-content\/uploads\/2021\/06\/Andrea-1-768x1024.jpg 768w, https:\/\/sportunion-sachseln.ch\/wp-content\/uploads\/2021\/06\/Andrea-1-225x300.jpg 225w, https:\/\/sportunion-sachseln.ch\/wp-content\/uploads\/2021\/06\/Andrea-1-1152x1536.jpg 1152w, https:\/\/sportunion-sachseln.ch\/wp-content\/uploads\/2021\/06\/Andrea-1-1536x2048.jpg 1536w, https:\/\/sportunion-sachseln.ch\/wp-content\/uploads\/2021\/06\/Andrea-1-scaled.jpg 1920w\" sizes=\"(max-width: 156px) 100vw, 156px\" \/><figcaption>Andrea von Moos<\/figcaption><\/figure>\n\n\n\n<figure class=\"wp-block-image size-large is-resized\"><img loading=\"lazy\" src=\"https:\/\/sportunion-sachseln.ch\/wp-content\/uploads\/2024\/11\/Myriam-768x1024.jpg\" alt=\"\" class=\"wp-image-2856\" width=\"160\" height=\"213\" srcset=\"https:\/\/sportunion-sachseln.ch\/wp-content\/uploads\/2024\/11\/Myriam-768x1024.jpg 768w, https:\/\/sportunion-sachseln.ch\/wp-content\/uploads\/2024\/11\/Myriam-225x300.jpg 225w, https:\/\/sportunion-sachseln.ch\/wp-content\/uploads\/2024\/11\/Myriam-1152x1536.jpg 1152w, https:\/\/sportunion-sachseln.ch\/wp-content\/uploads\/2024\/11\/Myriam-1536x2048.jpg 1536w, https:\/\/sportunion-sachseln.ch\/wp-content\/uploads\/2024\/11\/Myriam-scaled.jpg 1920w\" sizes=\"(max-width: 160px) 100vw, 160px\" \/><figcaption>Myriam Bucher<\/figcaption><\/figure>\n\n\n\n<figure class=\"wp-block-image size-large is-resized\"><img loading=\"lazy\" src=\"http:\/\/sportunion-sachseln.ch\/wp-content\/uploads\/2021\/04\/IMG-20200910-WA0002-768x1024.jpg\" alt=\"\" class=\"wp-image-2117\" width=\"161\" height=\"215\" srcset=\"https:\/\/sportunion-sachseln.ch\/wp-content\/uploads\/2021\/04\/IMG-20200910-WA0002-768x1024.jpg 768w, https:\/\/sportunion-sachseln.ch\/wp-content\/uploads\/2021\/04\/IMG-20200910-WA0002-225x300.jpg 225w, https:\/\/sportunion-sachseln.ch\/wp-content\/uploads\/2021\/04\/IMG-20200910-WA0002-1152x1536.jpg 1152w, https:\/\/sportunion-sachseln.ch\/wp-content\/uploads\/2021\/04\/IMG-20200910-WA0002.jpg 1536w\" sizes=\"(max-width: 161px) 100vw, 161px\" \/><figcaption>Manuela K\u00fcmin<\/figcaption><\/figure>\n\n\n\n<figure class=\"wp-block-image size-large is-resized\"><img loading=\"lazy\" src=\"https:\/\/sportunion-sachseln.ch\/wp-content\/uploads\/2024\/10\/Priska-von-Glutz-1024x683.jpg\" alt=\"\" class=\"wp-image-2843\" width=\"171\" height=\"114\" srcset=\"https:\/\/sportunion-sachseln.ch\/wp-content\/uploads\/2024\/10\/Priska-von-Glutz-1024x683.jpg 1024w, https:\/\/sportunion-sachseln.ch\/wp-content\/uploads\/2024\/10\/Priska-von-Glutz-300x200.jpg 300w, https:\/\/sportunion-sachseln.ch\/wp-content\/uploads\/2024\/10\/Priska-von-Glutz-768x512.jpg 768w, https:\/\/sportunion-sachseln.ch\/wp-content\/uploads\/2024\/10\/Priska-von-Glutz-1536x1024.jpg 1536w, https:\/\/sportunion-sachseln.ch\/wp-content\/uploads\/2024\/10\/Priska-von-Glutz-2048x1365.jpg 2048w\" sizes=\"(max-width: 171px) 100vw, 171px\" \/><figcaption>Priska von Glutz<\/figcaption><\/figure>\n\n\n\n<figure class=\"wp-block-image size-large is-resized\"><img loading=\"lazy\" src=\"https:\/\/sportunion-sachseln.ch\/wp-content\/uploads\/2024\/10\/IMAG3582-768x1024.jpg\" alt=\"\" class=\"wp-image-2844\" width=\"169\" height=\"225\" srcset=\"https:\/\/sportunion-sachseln.ch\/wp-content\/uploads\/2024\/10\/IMAG3582-768x1024.jpg 768w, https:\/\/sportunion-sachseln.ch\/wp-content\/uploads\/2024\/10\/IMAG3582-225x300.jpg 225w, https:\/\/sportunion-sachseln.ch\/wp-content\/uploads\/2024\/10\/IMAG3582-1152x1536.jpg 1152w, https:\/\/sportunion-sachseln.ch\/wp-content\/uploads\/2024\/10\/IMAG3582-1536x2048.jpg 1536w, https:\/\/sportunion-sachseln.ch\/wp-content\/uploads\/2024\/10\/IMAG3582-scaled.jpg 1920w\" sizes=\"(max-width: 169px) 100vw, 169px\" \/><figcaption>Alexandra Huber<\/figcaption><\/figure>\n\n\n\n<figure class=\"wp-block-image size-large is-resized\"><img loading=\"lazy\" src=\"https:\/\/sportunion-sachseln.ch\/wp-content\/uploads\/2024\/10\/Laura-768x1024.jpg\" alt=\"\" class=\"wp-image-2850\" width=\"172\" height=\"229\" srcset=\"https:\/\/sportunion-sachseln.ch\/wp-content\/uploads\/2024\/10\/Laura-768x1024.jpg 768w, https:\/\/sportunion-sachseln.ch\/wp-content\/uploads\/2024\/10\/Laura-225x300.jpg 225w, https:\/\/sportunion-sachseln.ch\/wp-content\/uploads\/2024\/10\/Laura-1152x1536.jpg 1152w, https:\/\/sportunion-sachseln.ch\/wp-content\/uploads\/2024\/10\/Laura-1536x2048.jpg 1536w, https:\/\/sportunion-sachseln.ch\/wp-content\/uploads\/2024\/10\/Laura-scaled.jpg 1920w\" sizes=\"(max-width: 172px) 100vw, 172px\" \/><figcaption>Laura Wey<\/figcaption><\/figure>\n\n\n\n<p><\/p>\n","protected":false},"excerpt":{"rendered":"<p>Turnhalle T\u00fcrli Freitag 18.15 \u2013 19.45 Uhr In der Jugi dreht sich alles um Spiel und SpassDie M\u00e4dchen der 3. bis 5. Klasse k\u00f6nnen \u2013 manchmal als Team und manchmal auch einzeln \u2013 die verschiedensten Bewegungsformen kennenlernen. Von springen, h\u00fcpfen,&hellip; <\/p>\n","protected":false},"author":1,"featured_media":0,"parent":0,"menu_order":0,"comment_status":"closed","ping_status":"closed","template":"","meta":[],"_links":{"self":[{"href":"https:\/\/sportunion-sachseln.ch\/index.php?rest_route=\/wp\/v2\/pages\/130"}],"collection":[{"href":"https:\/\/sportunion-sachseln.ch\/index.php?rest_route=\/wp\/v2\/pages"}],"about":[{"href":"https:\/\/sportunion-sachseln.ch\/index.php?rest_route=\/wp\/v2\/types\/page"}],"author":[{"embeddable":true,"href":"https:\/\/sportunion-sachseln.ch\/index.php?rest_route=\/wp\/v2\/users\/1"}],"replies":[{"embeddable":true,"href":"https:\/\/sportunion-sachseln.ch\/index.php?rest_route=%2Fwp%2Fv2%2Fcomments&post=130"}],"version-history":[{"count":50,"href":"https:\/\/sportunion-sachseln.ch\/index.php?rest_route=\/wp\/v2\/pages\/130\/revisions"}],"predecessor-version":[{"id":2947,"href":"https:\/\/sportunion-sachseln.ch\/index.php?rest_route=\/wp\/v2\/pages\/130\/revisions\/2947"}],"wp:attachment":[{"href":"https:\/\/sportunion-sachseln.ch\/index.php?rest_route=%2Fwp%2Fv2%2Fmedia&parent=130"}],"curies":[{"name":"wp","href":"https:\/\/api.w.org\/{rel}","templated":true}]}}

<h5>Turnhalle Türli</h5>
<p>Freitag 18.15 – 19.45 Uhr</p>
<p><strong>In der Jugi dreht sich alles um Spiel und Spass<br /></strong>Die Mädchen der 3. bis 5. Klasse können – manchmal als Team und manchmal auch einzeln – die verschiedensten Bewegungsformen kennenlernen. Von springen, hüpfen, tanzen über rollen, klettern und spielen mit Bällen, Gymnastikbändern oder Springseilen wird alles einmal ausprobiert. Wer Abwechslung mag, ist bei uns genau richtig.</p>
<p><a href="http://sportunion-sachseln.ch/wp-content/uploads/2024/03/IMG-20210625-WA0025.jpg"><img loading="lazy" class="alignnone  wp-image-2677" src="http://sportunion-sachseln.ch/wp-content/uploads/2024/03/IMG-20210625-WA0025-1024x768.jpg" alt="" width="388" height="291" srcset="https://sportunion-sachseln.ch/wp-content/uploads/2024/03/IMG-20210625-WA0025-1024x768.jpg 1024w, https://sportunion-sachseln.ch/wp-content/uploads/2024/03/IMG-20210625-WA0025-300x225.jpg 300w, https://sportunion-sachseln.ch/wp-content/uploads/2024/03/IMG-20210625-WA0025-768x576.jpg 768w, https://sportunion-sachseln.ch/wp-content/uploads/2024/03/IMG-20210625-WA0025-1536x1152.jpg 1536w, https://sportunion-sachseln.ch/wp-content/uploads/2024/03/IMG-20210625-WA0025.jpg 2048w" sizes="(max-width: 388px) 100vw, 388px" /></a></p>
<p><strong>Auskunft und Anmeldungen an: </strong>Andrea von Moos, Mail: wagner_andrea@bluewin.ch</p>
<p><strong>Genauere Infos zur Anmeldung</strong><strong>: <a href="http://sportunion-sachseln.ch/wp-content/uploads/2025/07/2025_Jugi-guen.pdf">Ausschreibung Jugi</a></strong></p>
<h5> </h5>
<h5>Unter der Leitung von</h5>
<p><strong>Andrea von Moos<br /></strong><strong><strong>Myriam Bucher<br />Manuela Kümin<br />Priska von Glutz<br />Alexandra Huber<br />Laura Wey (Hilfsleiterin)<br />Elena von Moos (Hilfsleiterin)<br />Anna Zurfluh (Hilfsleiterin)</strong></strong></p>
<p> </p>


<figure class="wp-block-image size-large is-resized"><img loading="lazy" src="http://sportunion-sachseln.ch/wp-content/uploads/2021/06/Andrea-1-768x1024.jpg" alt="" class="wp-image-2180" width="156" height="207" srcset="https://sportunion-sachseln.ch/wp-content/uploads/2021/06/Andrea-1-768x1024.jpg 768w, https://sportunion-sachseln.ch/wp-content/uploads/2021/06/Andrea-1-225x300.jpg 225w, https://sportunion-sachseln.ch/wp-content/uploads/2021/06/Andrea-1-1152x1536.jpg 1152w, https://sportunion-sachseln.ch/wp-content/uploads/2021/06/Andrea-1-1536x2048.jpg 1536w, https://sportunion-sachseln.ch/wp-content/uploads/2021/06/Andrea-1-scaled.jpg 1920w" sizes="(max-width: 156px) 100vw, 156px" /><figcaption>Andrea von Moos</figcaption></figure>



<figure class="wp-block-image size-large is-resized"><img loading="lazy" src="https://sportunion-sachseln.ch/wp-content/uploads/2024/11/Myriam-768x1024.jpg" alt="" class="wp-image-2856" width="160" height="213" srcset="https://sportunion-sachseln.ch/wp-content/uploads/2024/11/Myriam-768x1024.jpg 768w, https://sportunion-sachseln.ch/wp-content/uploads/2024/11/Myriam-225x300.jpg 225w, https://sportunion-sachseln.ch/wp-content/uploads/2024/11/Myriam-1152x1536.jpg 1152w, https://sportunion-sachseln.ch/wp-content/uploads/2024/11/Myriam-1536x2048.jpg 1536w, https://sportunion-sachseln.ch/wp-content/uploads/2024/11/Myriam-scaled.jpg 1920w" sizes="(max-width: 160px) 100vw, 160px" /><figcaption>Myriam Bucher</figcaption></figure>



<figure class="wp-block-image size-large is-resized"><img loading="lazy" src="http://sportunion-sachseln.ch/wp-content/uploads/2021/04/IMG-20200910-WA0002-768x1024.jpg" alt="" class="wp-image-2117" width="161" height="215" srcset="https://sportunion-sachseln.ch/wp-content/uploads/2021/04/IMG-20200910-WA0002-768x1024.jpg 768w, https://sportunion-sachseln.ch/wp-content/uploads/2021/04/IMG-20200910-WA0002-225x300.jpg 225w, https://sportunion-sachseln.ch/wp-content/uploads/2021/04/IMG-20200910-WA0002-1152x1536.jpg 1152w, https://sportunion-sachseln.ch/wp-content/uploads/2021/04/IMG-20200910-WA0002.jpg 1536w" sizes="(max-width: 161px) 100vw, 161px" /><figcaption>Manuela Kümin</figcaption></figure>



<figure class="wp-block-image size-large is-resized"><img loading="lazy" src="https://sportunion-sachseln.ch/wp-content/uploads/2024/10/Priska-von-Glutz-1024x683.jpg" alt="" class="wp-image-2843" width="171" height="114" srcset="https://sportunion-sachseln.ch/wp-content/uploads/2024/10/Priska-von-Glutz-1024x683.jpg 1024w, https://sportunion-sachseln.ch/wp-content/uploads/2024/10/Priska-von-Glutz-300x200.jpg 300w, https://sportunion-sachseln.ch/wp-content/uploads/2024/10/Priska-von-Glutz-768x512.jpg 768w, https://sportunion-sachseln.ch/wp-content/uploads/2024/10/Priska-von-Glutz-1536x1024.jpg 1536w, https://sportunion-sachseln.ch/wp-content/uploads/2024/10/Priska-von-Glutz-2048x1365.jpg 2048w" sizes="(max-width: 171px) 100vw, 171px" /><figcaption>Priska von Glutz</figcaption></figure>



<figure class="wp-block-image size-large is-resized"><img loading="lazy" src="https://sportunion-sachseln.ch/wp-content/uploads/2024/10/IMAG3582-768x1024.jpg" alt="" class="wp-image-2844" width="169" height="225" srcset="https://sportunion-sachseln.ch/wp-content/uploads/2024/10/IMAG3582-768x1024.jpg 768w, https://sportunion-sachseln.ch/wp-content/uploads/2024/10/IMAG3582-225x300.jpg 225w, https://sportunion-sachseln.ch/wp-content/uploads/2024/10/IMAG3582-1152x1536.jpg 1152w, https://sportunion-sachseln.ch/wp-content/uploads/2024/10/IMAG3582-1536x2048.jpg 1536w, https://sportunion-sachseln.ch/wp-content/uploads/2024/10/IMAG3582-scaled.jpg 1920w" sizes="(max-width: 169px) 100vw, 169px" /><figcaption>Alexandra Huber</figcaption></figure>



<figure class="wp-block-image size-large is-resized"><img loading="lazy" src="https://sportunion-sachseln.ch/wp-content/uploads/2024/10/Laura-768x1024.jpg" alt="" class="wp-image-2850" width="172" height="229" srcset="https://sportunion-sachseln.ch/wp-content/uploads/2024/10/Laura-768x1024.jpg 768w, https://sportunion-sachseln.ch/wp-content/uploads/2024/10/Laura-225x300.jpg 225w, https://sportunion-sachseln.ch/wp-content/uploads/2024/10/Laura-1152x1536.jpg 1152w, https://sportunion-sachseln.ch/wp-content/uploads/2024/10/Laura-1536x2048.jpg 1536w, https://sportunion-sachseln.ch/wp-content/uploads/2024/10/Laura-scaled.jpg 1920w" sizes="(max-width: 172px) 100vw, 172px" /><figcaption>Laura Wey</figcaption></figure>



<p></p>

<p>Turnhalle Türli Freitag 18.15 – 19.45 Uhr In der Jugi dreht sich alles um Spiel und SpassDie Mädchen der 3. bis 5. Klasse können – manchmal als Team und manchmal auch einzeln – die verschiedensten Bewegungsformen kennenlernen. Von springen, hüpfen,&hellip; </p>
