{"id":128,"date":"2015-05-10T20:53:27","date_gmt":"2015-05-10T20:53:27","guid":{"rendered":"http:\/\/sportunion-sachseln.ch\/?page_id=128"},"modified":"2025-06-22T21:51:07","modified_gmt":"2025-06-22T19:51:07","slug":"geraeteturnen-2","status":"publish","type":"page","link":"https:\/\/sportunion-sachseln.ch\/?page_id=128","title":{"rendered":"Ger\u00e4teturnen"},"content":{"rendered":"<h5>Turnhalle Mattli<\/h5>\n<p>jeden Montag 18.00 \u2013 20.00 Uhr, sowie Mittwoch 16.00-18.00 Uhr (Sommerbelegungsplan) \/ Winter variabel<\/p>\n<p>M\u00e4dchen ab der 3. Klasse haben die Gelegenheit in unserer Ger\u00e4teriege mitzuturnen und zu trainieren. Unsere Leiterinnen freuen sich darauf, die M\u00e4dchen in der Sportart Ger\u00e4teturnen zu f\u00f6rdern und an verschiedene Wettk\u00e4mpfe zu begleiten.<\/p>\n<p><a href=\"http:\/\/sportunion-sachseln.ch\/wp-content\/uploads\/2015\/05\/geraeteturnen-474x3201.jpg\"><img loading=\"lazy\" class=\"alignnone size-full wp-image-298\" src=\"http:\/\/sportunion-sachseln.ch\/wp-content\/uploads\/2015\/05\/geraeteturnen-474x3201.jpg\" alt=\"geraeteturnen-474x320\" width=\"474\" height=\"320\" srcset=\"https:\/\/sportunion-sachseln.ch\/wp-content\/uploads\/2015\/05\/geraeteturnen-474x3201.jpg 474w, https:\/\/sportunion-sachseln.ch\/wp-content\/uploads\/2015\/05\/geraeteturnen-474x3201-300x203.jpg 300w\" sizes=\"(max-width: 474px) 100vw, 474px\" \/><\/a><\/p>\n<p><strong>Genauere Informationen zur Anmeldung:\u00a0<a href=\"http:\/\/sportunion-sachseln.ch\/wp-content\/uploads\/2025\/06\/2025_Geraeteriege.pdf\">Ausschreibung Ger\u00e4teriege<\/a><\/strong><\/p>\n<p><strong>Auskunft und Anmeldungen an:<\/strong><\/p>\n<p>Karin Langensand<br \/>Sidernstrasse 15<br \/>6064 Kerns<br \/>Telefon: 041 660 08 17<br \/>E-Mail: ok70@bluewin.ch<\/p>\n<h5>Unter der Leitung von<\/h5>\n<p><strong>Karin Langensand<br \/>Carmen Amstutz<br \/><\/strong><strong>Sabrina Flury &#8211; Beckerbauer<br \/>Tanja Omlin<br \/><\/strong><strong>Rita Spichtig (Aushilfsleiterin)<br \/>Karin Odermatt (Aushilfsleiterin)<\/strong><\/p>\n<p>E-Mail: info@sportunion-sachseln.ch<\/p>\n\n\n<figure class=\"wp-block-image size-large is-resized\"><img loading=\"lazy\" src=\"http:\/\/sportunion-sachseln.ch\/wp-content\/uploads\/2021\/06\/IMAG3563-768x1024.jpg\" alt=\"\" class=\"wp-image-2144\" width=\"156\" height=\"208\" srcset=\"https:\/\/sportunion-sachseln.ch\/wp-content\/uploads\/2021\/06\/IMAG3563-768x1024.jpg 768w, https:\/\/sportunion-sachseln.ch\/wp-content\/uploads\/2021\/06\/IMAG3563-225x300.jpg 225w, https:\/\/sportunion-sachseln.ch\/wp-content\/uploads\/2021\/06\/IMAG3563-1152x1536.jpg 1152w, https:\/\/sportunion-sachseln.ch\/wp-content\/uploads\/2021\/06\/IMAG3563-1536x2048.jpg 1536w, https:\/\/sportunion-sachseln.ch\/wp-content\/uploads\/2021\/06\/IMAG3563-scaled.jpg 1920w\" sizes=\"(max-width: 156px) 100vw, 156px\" \/><figcaption>Karin Langensand<\/figcaption><\/figure>\n\n\n\n<figure class=\"wp-block-image size-large is-resized\"><img loading=\"lazy\" src=\"http:\/\/sportunion-sachseln.ch\/wp-content\/uploads\/2021\/06\/IMAG3553-768x1024.jpg\" alt=\"\" class=\"wp-image-2146\" width=\"165\" height=\"220\" srcset=\"https:\/\/sportunion-sachseln.ch\/wp-content\/uploads\/2021\/06\/IMAG3553-768x1024.jpg 768w, https:\/\/sportunion-sachseln.ch\/wp-content\/uploads\/2021\/06\/IMAG3553-225x300.jpg 225w, https:\/\/sportunion-sachseln.ch\/wp-content\/uploads\/2021\/06\/IMAG3553-1152x1536.jpg 1152w, https:\/\/sportunion-sachseln.ch\/wp-content\/uploads\/2021\/06\/IMAG3553-1536x2048.jpg 1536w, https:\/\/sportunion-sachseln.ch\/wp-content\/uploads\/2021\/06\/IMAG3553-scaled.jpg 1920w\" sizes=\"(max-width: 165px) 100vw, 165px\" \/><figcaption>Carmen Amstutz<\/figcaption><\/figure>\n\n\n\n<figure class=\"wp-block-image size-large is-resized\"><img loading=\"lazy\" src=\"http:\/\/sportunion-sachseln.ch\/wp-content\/uploads\/2021\/06\/IMAG3558-768x1024.jpg\" alt=\"\" class=\"wp-image-2147\" width=\"161\" height=\"214\" srcset=\"https:\/\/sportunion-sachseln.ch\/wp-content\/uploads\/2021\/06\/IMAG3558-768x1024.jpg 768w, https:\/\/sportunion-sachseln.ch\/wp-content\/uploads\/2021\/06\/IMAG3558-225x300.jpg 225w, https:\/\/sportunion-sachseln.ch\/wp-content\/uploads\/2021\/06\/IMAG3558-1152x1536.jpg 1152w, https:\/\/sportunion-sachseln.ch\/wp-content\/uploads\/2021\/06\/IMAG3558-1536x2048.jpg 1536w, https:\/\/sportunion-sachseln.ch\/wp-content\/uploads\/2021\/06\/IMAG3558-scaled.jpg 1920w\" sizes=\"(max-width: 161px) 100vw, 161px\" \/><figcaption>Sabrina Flury &#8211; Beckerbauer<\/figcaption><\/figure>\n\n\n\n<figure class=\"wp-block-image size-large is-resized\"><img loading=\"lazy\" src=\"https:\/\/sportunion-sachseln.ch\/wp-content\/uploads\/2024\/11\/Rita-Spichtig-rotated.jpg\" alt=\"\" class=\"wp-image-2860\" width=\"163\" height=\"217\" srcset=\"https:\/\/sportunion-sachseln.ch\/wp-content\/uploads\/2024\/11\/Rita-Spichtig-rotated.jpg 240w, https:\/\/sportunion-sachseln.ch\/wp-content\/uploads\/2024\/11\/Rita-Spichtig-225x300.jpg 225w\" sizes=\"(max-width: 163px) 100vw, 163px\" \/><figcaption>Rita Spichtig<\/figcaption><\/figure>\n\n\n\n<p><\/p>\n","protected":false},"excerpt":{"rendered":"<p>Turnhalle Mattli jeden Montag 18.00 \u2013 20.00 Uhr, sowie Mittwoch 16.00-18.00 Uhr (Sommerbelegungsplan) \/ Winter variabel M\u00e4dchen ab der 3. Klasse haben die Gelegenheit in unserer Ger\u00e4teriege mitzuturnen und zu trainieren. Unsere Leiterinnen freuen sich darauf, die M\u00e4dchen in der&hellip; <\/p>\n","protected":false},"author":1,"featured_media":0,"parent":0,"menu_order":0,"comment_status":"closed","ping_status":"closed","template":"","meta":[],"_links":{"self":[{"href":"https:\/\/sportunion-sachseln.ch\/index.php?rest_route=\/wp\/v2\/pages\/128"}],"collection":[{"href":"https:\/\/sportunion-sachseln.ch\/index.php?rest_route=\/wp\/v2\/pages"}],"about":[{"href":"https:\/\/sportunion-sachseln.ch\/index.php?rest_route=\/wp\/v2\/types\/page"}],"author":[{"embeddable":true,"href":"https:\/\/sportunion-sachseln.ch\/index.php?rest_route=\/wp\/v2\/users\/1"}],"replies":[{"embeddable":true,"href":"https:\/\/sportunion-sachseln.ch\/index.php?rest_route=%2Fwp%2Fv2%2Fcomments&post=128"}],"version-history":[{"count":39,"href":"https:\/\/sportunion-sachseln.ch\/index.php?rest_route=\/wp\/v2\/pages\/128\/revisions"}],"predecessor-version":[{"id":2924,"href":"https:\/\/sportunion-sachseln.ch\/index.php?rest_route=\/wp\/v2\/pages\/128\/revisions\/2924"}],"wp:attachment":[{"href":"https:\/\/sportunion-sachseln.ch\/index.php?rest_route=%2Fwp%2Fv2%2Fmedia&parent=128"}],"curies":[{"name":"wp","href":"https:\/\/api.w.org\/{rel}","templated":true}]}}

Geräteturnen

<h5>Turnhalle Mattli</h5>
<p>jeden Montag 18.00 – 20.00 Uhr, sowie Mittwoch 16.00-18.00 Uhr (Sommerbelegungsplan) / Winter variabel</p>
<p>Mädchen ab der 3. Klasse haben die Gelegenheit in unserer Geräteriege mitzuturnen und zu trainieren. Unsere Leiterinnen freuen sich darauf, die Mädchen in der Sportart Geräteturnen zu fördern und an verschiedene Wettkämpfe zu begleiten.</p>
<p><a href="http://sportunion-sachseln.ch/wp-content/uploads/2015/05/geraeteturnen-474x3201.jpg"><img loading="lazy" class="alignnone size-full wp-image-298" src="http://sportunion-sachseln.ch/wp-content/uploads/2015/05/geraeteturnen-474x3201.jpg" alt="geraeteturnen-474x320" width="474" height="320" srcset="https://sportunion-sachseln.ch/wp-content/uploads/2015/05/geraeteturnen-474x3201.jpg 474w, https://sportunion-sachseln.ch/wp-content/uploads/2015/05/geraeteturnen-474x3201-300x203.jpg 300w" sizes="(max-width: 474px) 100vw, 474px" /></a></p>
<p><strong>Genauere Informationen zur Anmeldung: <a href="http://sportunion-sachseln.ch/wp-content/uploads/2025/06/2025_Geraeteriege.pdf">Ausschreibung Geräteriege</a></strong></p>
<p><strong>Auskunft und Anmeldungen an:</strong></p>
<p>Karin Langensand<br />Sidernstrasse 15<br />6064 Kerns<br />Telefon: 041 660 08 17<br />E-Mail: ok70@bluewin.ch</p>
<h5>Unter der Leitung von</h5>
<p><strong>Karin Langensand<br />Carmen Amstutz<br /></strong><strong>Sabrina Flury &#8211; Beckerbauer<br />Tanja Omlin<br /></strong><strong>Rita Spichtig (Aushilfsleiterin)<br />Karin Odermatt (Aushilfsleiterin)</strong></p>
<p>E-Mail: info@sportunion-sachseln.ch</p>


<figure class="wp-block-image size-large is-resized"><img loading="lazy" src="http://sportunion-sachseln.ch/wp-content/uploads/2021/06/IMAG3563-768x1024.jpg" alt="" class="wp-image-2144" width="156" height="208" srcset="https://sportunion-sachseln.ch/wp-content/uploads/2021/06/IMAG3563-768x1024.jpg 768w, https://sportunion-sachseln.ch/wp-content/uploads/2021/06/IMAG3563-225x300.jpg 225w, https://sportunion-sachseln.ch/wp-content/uploads/2021/06/IMAG3563-1152x1536.jpg 1152w, https://sportunion-sachseln.ch/wp-content/uploads/2021/06/IMAG3563-1536x2048.jpg 1536w, https://sportunion-sachseln.ch/wp-content/uploads/2021/06/IMAG3563-scaled.jpg 1920w" sizes="(max-width: 156px) 100vw, 156px" /><figcaption>Karin Langensand</figcaption></figure>



<figure class="wp-block-image size-large is-resized"><img loading="lazy" src="http://sportunion-sachseln.ch/wp-content/uploads/2021/06/IMAG3553-768x1024.jpg" alt="" class="wp-image-2146" width="165" height="220" srcset="https://sportunion-sachseln.ch/wp-content/uploads/2021/06/IMAG3553-768x1024.jpg 768w, https://sportunion-sachseln.ch/wp-content/uploads/2021/06/IMAG3553-225x300.jpg 225w, https://sportunion-sachseln.ch/wp-content/uploads/2021/06/IMAG3553-1152x1536.jpg 1152w, https://sportunion-sachseln.ch/wp-content/uploads/2021/06/IMAG3553-1536x2048.jpg 1536w, https://sportunion-sachseln.ch/wp-content/uploads/2021/06/IMAG3553-scaled.jpg 1920w" sizes="(max-width: 165px) 100vw, 165px" /><figcaption>Carmen Amstutz</figcaption></figure>



<figure class="wp-block-image size-large is-resized"><img loading="lazy" src="http://sportunion-sachseln.ch/wp-content/uploads/2021/06/IMAG3558-768x1024.jpg" alt="" class="wp-image-2147" width="161" height="214" srcset="https://sportunion-sachseln.ch/wp-content/uploads/2021/06/IMAG3558-768x1024.jpg 768w, https://sportunion-sachseln.ch/wp-content/uploads/2021/06/IMAG3558-225x300.jpg 225w, https://sportunion-sachseln.ch/wp-content/uploads/2021/06/IMAG3558-1152x1536.jpg 1152w, https://sportunion-sachseln.ch/wp-content/uploads/2021/06/IMAG3558-1536x2048.jpg 1536w, https://sportunion-sachseln.ch/wp-content/uploads/2021/06/IMAG3558-scaled.jpg 1920w" sizes="(max-width: 161px) 100vw, 161px" /><figcaption>Sabrina Flury &#8211; Beckerbauer</figcaption></figure>



<figure class="wp-block-image size-large is-resized"><img loading="lazy" src="https://sportunion-sachseln.ch/wp-content/uploads/2024/11/Rita-Spichtig-rotated.jpg" alt="" class="wp-image-2860" width="163" height="217" srcset="https://sportunion-sachseln.ch/wp-content/uploads/2024/11/Rita-Spichtig-rotated.jpg 240w, https://sportunion-sachseln.ch/wp-content/uploads/2024/11/Rita-Spichtig-225x300.jpg 225w" sizes="(max-width: 163px) 100vw, 163px" /><figcaption>Rita Spichtig</figcaption></figure>



<p></p>

<p>Turnhalle Mattli jeden Montag 18.00 – 20.00 Uhr, sowie Mittwoch 16.00-18.00 Uhr (Sommerbelegungsplan) / Winter variabel Mädchen ab der 3. Klasse haben die Gelegenheit in unserer Geräteriege mitzuturnen und zu trainieren. Unsere Leiterinnen freuen sich darauf, die Mädchen in der&hellip; </p>
