{"id":120,"date":"2015-05-10T20:52:56","date_gmt":"2015-05-10T20:52:56","guid":{"rendered":"http:\/\/sportunion-sachseln.ch\/?page_id=120"},"modified":"2025-07-22T22:33:13","modified_gmt":"2025-07-22T20:33:13","slug":"kitu-klein-2","status":"publish","type":"page","link":"https:\/\/sportunion-sachseln.ch\/?page_id=120","title":{"rendered":"KITU Klein"},"content":{"rendered":"<h5>Turnhalle T\u00fcrli<\/h5>\n<p>F\u00fcr Kinder, die im folgenden Jahr den Kindergarten besuchen (Geb.-Dat.: 1.3.20 &#8211; 31.05.2021).<\/p>\n<p>Das erste Mal ganz alleine ohne Mami und Papi ins Turnen gehen.<br \/>W\u00e4hrend die Kinder h\u00fcpfen, laufen, rennen, springen, robben, klettern, hangen, rollen, raufen, werfen, balancieren, jonglieren, schaukeln und purzeln, trainieren sie die koordinativen und kognitiven F\u00e4higkeiten. Sie f\u00f6rdern die Beweglichkeit, st\u00e4rken die Knochen, kr\u00e4ftigen die Muskeln und haben immer wieder die M\u00f6glichkeit, ihrer Phantasie freien Lauf zu lassen.<\/p>\n<p>Das Turnen startet nach den Herbstferien (circa Mitte Oktober) und dauert bis Auffahrt 2026.<\/p>\n<p>Jeweils Montags von 17.00 bis 18.00 Uhr<\/p>\n<p>Anzahl Kinder beschr\u00e4nkt!<\/p>\n<p>Kosten: 50 Fr. pro Kind und Jahr<\/p>\n<p><strong>Auskunft und Anmeldungen an:<\/strong> Priska von Glutz, Mail: priskavonglutz@gmx.ch<\/p>\n<p><strong>Genauere Infos zur Anmeldung: <a href=\"http:\/\/sportunion-sachseln.ch\/wp-content\/uploads\/2025\/07\/2025_Kitu-klein.pdf\">Ausschreibung Kitu klein<\/a><\/strong><\/p>\n<p><strong>Anmeldeschluss: 07.09.2025<\/strong><\/p>\n<p><a href=\"http:\/\/sportunion-sachseln.ch\/wp-content\/uploads\/2023\/09\/Kitu-klein-scaled.jpg\"><img loading=\"lazy\" class=\"alignnone  wp-image-2598\" src=\"http:\/\/sportunion-sachseln.ch\/wp-content\/uploads\/2023\/09\/Kitu-klein-1024x768.jpg\" alt=\"\" width=\"314\" height=\"235\" srcset=\"https:\/\/sportunion-sachseln.ch\/wp-content\/uploads\/2023\/09\/Kitu-klein-1024x768.jpg 1024w, https:\/\/sportunion-sachseln.ch\/wp-content\/uploads\/2023\/09\/Kitu-klein-300x225.jpg 300w, https:\/\/sportunion-sachseln.ch\/wp-content\/uploads\/2023\/09\/Kitu-klein-768x576.jpg 768w, https:\/\/sportunion-sachseln.ch\/wp-content\/uploads\/2023\/09\/Kitu-klein-1536x1152.jpg 1536w, https:\/\/sportunion-sachseln.ch\/wp-content\/uploads\/2023\/09\/Kitu-klein-2048x1536.jpg 2048w\" sizes=\"(max-width: 314px) 100vw, 314px\" \/><\/a><\/p>\n<h5>\u00a0<\/h5>\n<h5>Unter der Leitung von<\/h5>\n<p><strong>Priska von Glutz<\/strong><br \/><strong>Gina von Moos<\/strong><br \/><strong>Ir\u00e8ne Spichtig<\/strong><br \/><strong>Stephanie Rohrer<\/strong><br \/><strong>Melanie Klingel<br \/>Mirjam Bucher<br \/>Martina Portmann<\/strong><\/p>\n<p>E-Mail: info@sportunion-sachseln.ch<\/p>\n\n\n<figure class=\"wp-block-image size-large is-resized\"><img loading=\"lazy\" src=\"https:\/\/sportunion-sachseln.ch\/wp-content\/uploads\/2023\/05\/Priska-von-Glutz-edited-scaled.jpg\" alt=\"\" class=\"wp-image-2513\" width=\"168\" height=\"167\" srcset=\"https:\/\/sportunion-sachseln.ch\/wp-content\/uploads\/2023\/05\/Priska-von-Glutz-edited-scaled.jpg 2560w, https:\/\/sportunion-sachseln.ch\/wp-content\/uploads\/2023\/05\/Priska-von-Glutz-edited-300x300.jpg 300w, https:\/\/sportunion-sachseln.ch\/wp-content\/uploads\/2023\/05\/Priska-von-Glutz-edited-1024x1024.jpg 1024w, https:\/\/sportunion-sachseln.ch\/wp-content\/uploads\/2023\/05\/Priska-von-Glutz-edited-150x150.jpg 150w, https:\/\/sportunion-sachseln.ch\/wp-content\/uploads\/2023\/05\/Priska-von-Glutz-edited-768x767.jpg 768w, https:\/\/sportunion-sachseln.ch\/wp-content\/uploads\/2023\/05\/Priska-von-Glutz-edited-1536x1536.jpg 1536w, https:\/\/sportunion-sachseln.ch\/wp-content\/uploads\/2023\/05\/Priska-von-Glutz-edited-2048x2046.jpg 2048w, https:\/\/sportunion-sachseln.ch\/wp-content\/uploads\/2023\/05\/Priska-von-Glutz-edited-230x230.jpg 230w, https:\/\/sportunion-sachseln.ch\/wp-content\/uploads\/2023\/05\/Priska-von-Glutz-edited-80x80.jpg 80w\" sizes=\"(max-width: 168px) 100vw, 168px\" \/><figcaption>Priska von Glutz<\/figcaption><\/figure>\n\n\n\n<figure class=\"wp-block-image size-large is-resized\"><img loading=\"lazy\" src=\"https:\/\/sportunion-sachseln.ch\/wp-content\/uploads\/2023\/05\/Gina-von-Moos-edited-scaled.jpg\" alt=\"\" class=\"wp-image-2519\" width=\"170\" height=\"169\" srcset=\"https:\/\/sportunion-sachseln.ch\/wp-content\/uploads\/2023\/05\/Gina-von-Moos-edited-scaled.jpg 2560w, https:\/\/sportunion-sachseln.ch\/wp-content\/uploads\/2023\/05\/Gina-von-Moos-edited-300x300.jpg 300w, https:\/\/sportunion-sachseln.ch\/wp-content\/uploads\/2023\/05\/Gina-von-Moos-edited-1024x1024.jpg 1024w, https:\/\/sportunion-sachseln.ch\/wp-content\/uploads\/2023\/05\/Gina-von-Moos-edited-150x150.jpg 150w, https:\/\/sportunion-sachseln.ch\/wp-content\/uploads\/2023\/05\/Gina-von-Moos-edited-768x767.jpg 768w, https:\/\/sportunion-sachseln.ch\/wp-content\/uploads\/2023\/05\/Gina-von-Moos-edited-1536x1536.jpg 1536w, https:\/\/sportunion-sachseln.ch\/wp-content\/uploads\/2023\/05\/Gina-von-Moos-edited-2048x2046.jpg 2048w, https:\/\/sportunion-sachseln.ch\/wp-content\/uploads\/2023\/05\/Gina-von-Moos-edited-230x230.jpg 230w, https:\/\/sportunion-sachseln.ch\/wp-content\/uploads\/2023\/05\/Gina-von-Moos-edited-80x80.jpg 80w\" sizes=\"(max-width: 170px) 100vw, 170px\" \/><figcaption>Gina von Moos<\/figcaption><\/figure>\n\n\n\n<figure class=\"wp-block-image size-large is-resized\"><img loading=\"lazy\" src=\"https:\/\/sportunion-sachseln.ch\/wp-content\/uploads\/2023\/05\/Irene-Spichtig-2-edited-scaled.jpg\" alt=\"\" class=\"wp-image-2517\" width=\"170\" height=\"170\" srcset=\"https:\/\/sportunion-sachseln.ch\/wp-content\/uploads\/2023\/05\/Irene-Spichtig-2-edited-scaled.jpg 2560w, https:\/\/sportunion-sachseln.ch\/wp-content\/uploads\/2023\/05\/Irene-Spichtig-2-edited-300x300.jpg 300w, https:\/\/sportunion-sachseln.ch\/wp-content\/uploads\/2023\/05\/Irene-Spichtig-2-edited-1024x1024.jpg 1024w, https:\/\/sportunion-sachseln.ch\/wp-content\/uploads\/2023\/05\/Irene-Spichtig-2-edited-150x150.jpg 150w, https:\/\/sportunion-sachseln.ch\/wp-content\/uploads\/2023\/05\/Irene-Spichtig-2-edited-768x768.jpg 768w, https:\/\/sportunion-sachseln.ch\/wp-content\/uploads\/2023\/05\/Irene-Spichtig-2-edited-1536x1536.jpg 1536w, https:\/\/sportunion-sachseln.ch\/wp-content\/uploads\/2023\/05\/Irene-Spichtig-2-edited-2048x2048.jpg 2048w, https:\/\/sportunion-sachseln.ch\/wp-content\/uploads\/2023\/05\/Irene-Spichtig-2-edited-230x230.jpg 230w, https:\/\/sportunion-sachseln.ch\/wp-content\/uploads\/2023\/05\/Irene-Spichtig-2-edited-80x80.jpg 80w\" sizes=\"(max-width: 170px) 100vw, 170px\" \/><figcaption>Ir\u00e8ne Spichtig<\/figcaption><\/figure>\n\n\n\n<figure class=\"wp-block-image size-large is-resized\"><img loading=\"lazy\" src=\"https:\/\/sportunion-sachseln.ch\/wp-content\/uploads\/2023\/05\/Stephanie-Rohrer-edited-scaled.jpg\" alt=\"\" class=\"wp-image-2515\" width=\"170\" height=\"169\" srcset=\"https:\/\/sportunion-sachseln.ch\/wp-content\/uploads\/2023\/05\/Stephanie-Rohrer-edited-scaled.jpg 2560w, https:\/\/sportunion-sachseln.ch\/wp-content\/uploads\/2023\/05\/Stephanie-Rohrer-edited-300x300.jpg 300w, https:\/\/sportunion-sachseln.ch\/wp-content\/uploads\/2023\/05\/Stephanie-Rohrer-edited-1024x1024.jpg 1024w, https:\/\/sportunion-sachseln.ch\/wp-content\/uploads\/2023\/05\/Stephanie-Rohrer-edited-150x150.jpg 150w, https:\/\/sportunion-sachseln.ch\/wp-content\/uploads\/2023\/05\/Stephanie-Rohrer-edited-768x767.jpg 768w, https:\/\/sportunion-sachseln.ch\/wp-content\/uploads\/2023\/05\/Stephanie-Rohrer-edited-1536x1536.jpg 1536w, https:\/\/sportunion-sachseln.ch\/wp-content\/uploads\/2023\/05\/Stephanie-Rohrer-edited-2048x2046.jpg 2048w, https:\/\/sportunion-sachseln.ch\/wp-content\/uploads\/2023\/05\/Stephanie-Rohrer-edited-230x230.jpg 230w, https:\/\/sportunion-sachseln.ch\/wp-content\/uploads\/2023\/05\/Stephanie-Rohrer-edited-80x80.jpg 80w\" sizes=\"(max-width: 170px) 100vw, 170px\" \/><figcaption>Stephanie Rohrer<\/figcaption><\/figure>\n\n\n\n<figure class=\"wp-block-image size-large is-resized\"><img loading=\"lazy\" src=\"https:\/\/sportunion-sachseln.ch\/wp-content\/uploads\/2023\/05\/Melanie-Klingel-edited-scaled.jpg\" alt=\"\" class=\"wp-image-2511\" width=\"168\" height=\"167\" srcset=\"https:\/\/sportunion-sachseln.ch\/wp-content\/uploads\/2023\/05\/Melanie-Klingel-edited-scaled.jpg 2560w, https:\/\/sportunion-sachseln.ch\/wp-content\/uploads\/2023\/05\/Melanie-Klingel-edited-300x300.jpg 300w, https:\/\/sportunion-sachseln.ch\/wp-content\/uploads\/2023\/05\/Melanie-Klingel-edited-1024x1024.jpg 1024w, https:\/\/sportunion-sachseln.ch\/wp-content\/uploads\/2023\/05\/Melanie-Klingel-edited-150x150.jpg 150w, https:\/\/sportunion-sachseln.ch\/wp-content\/uploads\/2023\/05\/Melanie-Klingel-edited-768x767.jpg 768w, https:\/\/sportunion-sachseln.ch\/wp-content\/uploads\/2023\/05\/Melanie-Klingel-edited-1536x1536.jpg 1536w, https:\/\/sportunion-sachseln.ch\/wp-content\/uploads\/2023\/05\/Melanie-Klingel-edited-2048x2046.jpg 2048w, https:\/\/sportunion-sachseln.ch\/wp-content\/uploads\/2023\/05\/Melanie-Klingel-edited-230x230.jpg 230w, https:\/\/sportunion-sachseln.ch\/wp-content\/uploads\/2023\/05\/Melanie-Klingel-edited-80x80.jpg 80w\" sizes=\"(max-width: 168px) 100vw, 168px\" \/><figcaption>Melanie Klingel<\/figcaption><\/figure>\n\n\n\n<figure class=\"wp-block-image size-large is-resized\"><img loading=\"lazy\" src=\"https:\/\/sportunion-sachseln.ch\/wp-content\/uploads\/2024\/10\/IMG_20241021_180612_1-1024x787.jpg\" alt=\"\" class=\"wp-image-2839\" width=\"172\" height=\"132\" srcset=\"https:\/\/sportunion-sachseln.ch\/wp-content\/uploads\/2024\/10\/IMG_20241021_180612_1-1024x787.jpg 1024w, https:\/\/sportunion-sachseln.ch\/wp-content\/uploads\/2024\/10\/IMG_20241021_180612_1-300x231.jpg 300w, https:\/\/sportunion-sachseln.ch\/wp-content\/uploads\/2024\/10\/IMG_20241021_180612_1-768x590.jpg 768w, https:\/\/sportunion-sachseln.ch\/wp-content\/uploads\/2024\/10\/IMG_20241021_180612_1-1536x1181.jpg 1536w, https:\/\/sportunion-sachseln.ch\/wp-content\/uploads\/2024\/10\/IMG_20241021_180612_1-2048x1574.jpg 2048w\" sizes=\"(max-width: 172px) 100vw, 172px\" \/><figcaption>Mirjam Bucher<\/figcaption><\/figure>\n\n\n\n<figure class=\"wp-block-image size-large is-resized\"><img loading=\"lazy\" src=\"https:\/\/sportunion-sachseln.ch\/wp-content\/uploads\/2024\/10\/IMG_20241021_180705-1024x768.jpg\" alt=\"\" class=\"wp-image-2840\" width=\"177\" height=\"133\" srcset=\"https:\/\/sportunion-sachseln.ch\/wp-content\/uploads\/2024\/10\/IMG_20241021_180705-1024x768.jpg 1024w, https:\/\/sportunion-sachseln.ch\/wp-content\/uploads\/2024\/10\/IMG_20241021_180705-300x225.jpg 300w, https:\/\/sportunion-sachseln.ch\/wp-content\/uploads\/2024\/10\/IMG_20241021_180705-768x576.jpg 768w, https:\/\/sportunion-sachseln.ch\/wp-content\/uploads\/2024\/10\/IMG_20241021_180705-1536x1152.jpg 1536w, https:\/\/sportunion-sachseln.ch\/wp-content\/uploads\/2024\/10\/IMG_20241021_180705-2048x1536.jpg 2048w\" sizes=\"(max-width: 177px) 100vw, 177px\" \/><figcaption>Martina Portmann<\/figcaption><\/figure>\n\n\n\n<p><\/p>\n","protected":false},"excerpt":{"rendered":"<p>Turnhalle T\u00fcrli F\u00fcr Kinder, die im folgenden Jahr den Kindergarten besuchen (Geb.-Dat.: 1.3.20 &#8211; 31.05.2021). Das erste Mal ganz alleine ohne Mami und Papi ins Turnen gehen.W\u00e4hrend die Kinder h\u00fcpfen, laufen, rennen, springen, robben, klettern, hangen, rollen, raufen, werfen, balancieren,&hellip; <\/p>\n","protected":false},"author":1,"featured_media":0,"parent":0,"menu_order":0,"comment_status":"closed","ping_status":"closed","template":"","meta":[],"_links":{"self":[{"href":"https:\/\/sportunion-sachseln.ch\/index.php?rest_route=\/wp\/v2\/pages\/120"}],"collection":[{"href":"https:\/\/sportunion-sachseln.ch\/index.php?rest_route=\/wp\/v2\/pages"}],"about":[{"href":"https:\/\/sportunion-sachseln.ch\/index.php?rest_route=\/wp\/v2\/types\/page"}],"author":[{"embeddable":true,"href":"https:\/\/sportunion-sachseln.ch\/index.php?rest_route=\/wp\/v2\/users\/1"}],"replies":[{"embeddable":true,"href":"https:\/\/sportunion-sachseln.ch\/index.php?rest_route=%2Fwp%2Fv2%2Fcomments&post=120"}],"version-history":[{"count":58,"href":"https:\/\/sportunion-sachseln.ch\/index.php?rest_route=\/wp\/v2\/pages\/120\/revisions"}],"predecessor-version":[{"id":2953,"href":"https:\/\/sportunion-sachseln.ch\/index.php?rest_route=\/wp\/v2\/pages\/120\/revisions\/2953"}],"wp:attachment":[{"href":"https:\/\/sportunion-sachseln.ch\/index.php?rest_route=%2Fwp%2Fv2%2Fmedia&parent=120"}],"curies":[{"name":"wp","href":"https:\/\/api.w.org\/{rel}","templated":true}]}}