{"id":118,"date":"2015-05-10T20:52:47","date_gmt":"2015-05-10T20:52:47","guid":{"rendered":"http:\/\/sportunion-sachseln.ch\/?page_id=118"},"modified":"2025-07-22T22:36:24","modified_gmt":"2025-07-22T20:36:24","slug":"vaki-turnen-2","status":"publish","type":"page","link":"https:\/\/sportunion-sachseln.ch\/?page_id=118","title":{"rendered":"Vaki-Turnen"},"content":{"rendered":"<h5>Turnhalle T\u00fcrli &#8211; <strong>nur f\u00fcr sachsler Kinder<\/strong><\/h5>\n<p>Nun ist es wieder soweit. Alle Papis (oder G\u00f6ttis) mit ihren Kindern im Alter von 3 &#8211; 5 Jahren sind zu unserem Turnen herzlich eingeladen. Wir treffen uns jeweils am Samstagmorgen von 10.00 &#8211; 11.00 Uhr in der T\u00fcrliturnhalle zum gemeinsamen Spielen, Singen, Springen, Lachen\u2026<\/p>\n<p><a href=\"http:\/\/sportunion-sachseln.ch\/wp-content\/uploads\/2023\/05\/IMG-20230501-WA0022-2.jpg\"><img loading=\"lazy\" class=\"alignnone wp-image-2528\" src=\"http:\/\/sportunion-sachseln.ch\/wp-content\/uploads\/2023\/05\/IMG-20230501-WA0022-2-764x1024.jpg\" alt=\"\" width=\"233\" height=\"312\" srcset=\"https:\/\/sportunion-sachseln.ch\/wp-content\/uploads\/2023\/05\/IMG-20230501-WA0022-2-764x1024.jpg 764w, https:\/\/sportunion-sachseln.ch\/wp-content\/uploads\/2023\/05\/IMG-20230501-WA0022-2-224x300.jpg 224w, https:\/\/sportunion-sachseln.ch\/wp-content\/uploads\/2023\/05\/IMG-20230501-WA0022-2-768x1030.jpg 768w, https:\/\/sportunion-sachseln.ch\/wp-content\/uploads\/2023\/05\/IMG-20230501-WA0022-2.jpg 1145w\" sizes=\"(max-width: 233px) 100vw, 233px\" \/><\/a><\/p>\n<p>\u00a0<\/p>\n<p><strong>An diesen Daten finden Turnstunden von 10.00-11.00 Uhr (3 &#8211; 5-j\u00e4hrige) statt:<\/strong><\/p>\n<ul>\n<li>25.10.2025<\/li>\n<li>8.11.2025<\/li>\n<li>22.11.2025<\/li>\n<li>6.12.2025<\/li>\n<li>13.12.2025<\/li>\n<li>10.1.2026<\/li>\n<li>24.1.2026<\/li>\n<li>28.2.2026<\/li>\n<li>14.3.2026<\/li>\n<li>28.3.2026 (Vakireisli)<\/li>\n<\/ul>\n<p>Unkostenbeitrag: Fr. 4.- pro Turnstunde oder Fr. 20.- Abo f\u00fcr 5x Turnen<\/p>\n<p>Anmeldung nicht n\u00f6tig!<\/p>\n<p>Auskunft: Edith Burch, Mail: edwa.burch@bluewin.ch<\/p>\n<h5>Unter der Leitung von<\/h5>\n<p><strong>Ir\u00e8ne Spichtig<br \/><\/strong><strong>Edith Burch und Alexandra Huber<\/strong><\/p>\n\n\n<figure class=\"wp-block-image size-large is-resized\"><img loading=\"lazy\" src=\"https:\/\/sportunion-sachseln.ch\/wp-content\/uploads\/2023\/05\/Irene-Spichtig-2-1-edited-scaled.jpg\" alt=\"\" class=\"wp-image-2522\" width=\"169\" height=\"169\" srcset=\"https:\/\/sportunion-sachseln.ch\/wp-content\/uploads\/2023\/05\/Irene-Spichtig-2-1-edited-scaled.jpg 2560w, https:\/\/sportunion-sachseln.ch\/wp-content\/uploads\/2023\/05\/Irene-Spichtig-2-1-edited-300x300.jpg 300w, https:\/\/sportunion-sachseln.ch\/wp-content\/uploads\/2023\/05\/Irene-Spichtig-2-1-edited-1024x1024.jpg 1024w, https:\/\/sportunion-sachseln.ch\/wp-content\/uploads\/2023\/05\/Irene-Spichtig-2-1-edited-150x150.jpg 150w, https:\/\/sportunion-sachseln.ch\/wp-content\/uploads\/2023\/05\/Irene-Spichtig-2-1-edited-768x768.jpg 768w, https:\/\/sportunion-sachseln.ch\/wp-content\/uploads\/2023\/05\/Irene-Spichtig-2-1-edited-1536x1536.jpg 1536w, https:\/\/sportunion-sachseln.ch\/wp-content\/uploads\/2023\/05\/Irene-Spichtig-2-1-edited-2048x2048.jpg 2048w, https:\/\/sportunion-sachseln.ch\/wp-content\/uploads\/2023\/05\/Irene-Spichtig-2-1-edited-230x230.jpg 230w, https:\/\/sportunion-sachseln.ch\/wp-content\/uploads\/2023\/05\/Irene-Spichtig-2-1-edited-80x80.jpg 80w\" sizes=\"(max-width: 169px) 100vw, 169px\" \/><figcaption>Ir\u00e8ne Spichtig<\/figcaption><\/figure>\n\n\n\n<figure class=\"wp-block-image size-large is-resized\"><img loading=\"lazy\" src=\"https:\/\/sportunion-sachseln.ch\/wp-content\/uploads\/2023\/05\/IMG-20230504-WA0018-768x1024.jpg\" alt=\"\" class=\"wp-image-2523\" width=\"170\" height=\"226\" srcset=\"https:\/\/sportunion-sachseln.ch\/wp-content\/uploads\/2023\/05\/IMG-20230504-WA0018-768x1024.jpg 768w, https:\/\/sportunion-sachseln.ch\/wp-content\/uploads\/2023\/05\/IMG-20230504-WA0018-225x300.jpg 225w, https:\/\/sportunion-sachseln.ch\/wp-content\/uploads\/2023\/05\/IMG-20230504-WA0018-1152x1536.jpg 1152w, https:\/\/sportunion-sachseln.ch\/wp-content\/uploads\/2023\/05\/IMG-20230504-WA0018.jpg 1536w\" sizes=\"(max-width: 170px) 100vw, 170px\" \/><figcaption>Edith Burch<\/figcaption><\/figure>\n\n\n\n<figure class=\"wp-block-image size-large is-resized\"><img loading=\"lazy\" src=\"https:\/\/sportunion-sachseln.ch\/wp-content\/uploads\/2023\/05\/IMAG3582-768x1024.jpg\" alt=\"\" class=\"wp-image-2524\" width=\"170\" height=\"226\" srcset=\"https:\/\/sportunion-sachseln.ch\/wp-content\/uploads\/2023\/05\/IMAG3582-768x1024.jpg 768w, https:\/\/sportunion-sachseln.ch\/wp-content\/uploads\/2023\/05\/IMAG3582-225x300.jpg 225w, https:\/\/sportunion-sachseln.ch\/wp-content\/uploads\/2023\/05\/IMAG3582-1152x1536.jpg 1152w, https:\/\/sportunion-sachseln.ch\/wp-content\/uploads\/2023\/05\/IMAG3582-1536x2048.jpg 1536w, https:\/\/sportunion-sachseln.ch\/wp-content\/uploads\/2023\/05\/IMAG3582-scaled.jpg 1920w\" sizes=\"(max-width: 170px) 100vw, 170px\" \/><figcaption> Alexandra Huber<\/figcaption><\/figure>\n\n\n\n<p><\/p>\n","protected":false},"excerpt":{"rendered":"<p>Turnhalle T\u00fcrli &#8211; nur f\u00fcr sachsler Kinder Nun ist es wieder soweit. Alle Papis (oder G\u00f6ttis) mit ihren Kindern im Alter von 3 &#8211; 5 Jahren sind zu unserem Turnen herzlich eingeladen. Wir treffen uns jeweils am Samstagmorgen von 10.00&hellip; <\/p>\n","protected":false},"author":1,"featured_media":0,"parent":0,"menu_order":0,"comment_status":"closed","ping_status":"closed","template":"","meta":[],"_links":{"self":[{"href":"https:\/\/sportunion-sachseln.ch\/index.php?rest_route=\/wp\/v2\/pages\/118"}],"collection":[{"href":"https:\/\/sportunion-sachseln.ch\/index.php?rest_route=\/wp\/v2\/pages"}],"about":[{"href":"https:\/\/sportunion-sachseln.ch\/index.php?rest_route=\/wp\/v2\/types\/page"}],"author":[{"embeddable":true,"href":"https:\/\/sportunion-sachseln.ch\/index.php?rest_route=\/wp\/v2\/users\/1"}],"replies":[{"embeddable":true,"href":"https:\/\/sportunion-sachseln.ch\/index.php?rest_route=%2Fwp%2Fv2%2Fcomments&post=118"}],"version-history":[{"count":46,"href":"https:\/\/sportunion-sachseln.ch\/index.php?rest_route=\/wp\/v2\/pages\/118\/revisions"}],"predecessor-version":[{"id":2955,"href":"https:\/\/sportunion-sachseln.ch\/index.php?rest_route=\/wp\/v2\/pages\/118\/revisions\/2955"}],"wp:attachment":[{"href":"https:\/\/sportunion-sachseln.ch\/index.php?rest_route=%2Fwp%2Fv2%2Fmedia&parent=118"}],"curies":[{"name":"wp","href":"https:\/\/api.w.org\/{rel}","templated":true}]}}

<h5>Turnhalle Türli &#8211; <strong>nur für sachsler Kinder</strong></h5>
<p>Nun ist es wieder soweit. Alle Papis (oder Göttis) mit ihren Kindern im Alter von 3 &#8211; 5 Jahren sind zu unserem Turnen herzlich eingeladen. Wir treffen uns jeweils am Samstagmorgen von 10.00 &#8211; 11.00 Uhr in der Türliturnhalle zum gemeinsamen Spielen, Singen, Springen, Lachen…</p>
<p><a href="http://sportunion-sachseln.ch/wp-content/uploads/2023/05/IMG-20230501-WA0022-2.jpg"><img loading="lazy" class="alignnone wp-image-2528" src="http://sportunion-sachseln.ch/wp-content/uploads/2023/05/IMG-20230501-WA0022-2-764x1024.jpg" alt="" width="233" height="312" srcset="https://sportunion-sachseln.ch/wp-content/uploads/2023/05/IMG-20230501-WA0022-2-764x1024.jpg 764w, https://sportunion-sachseln.ch/wp-content/uploads/2023/05/IMG-20230501-WA0022-2-224x300.jpg 224w, https://sportunion-sachseln.ch/wp-content/uploads/2023/05/IMG-20230501-WA0022-2-768x1030.jpg 768w, https://sportunion-sachseln.ch/wp-content/uploads/2023/05/IMG-20230501-WA0022-2.jpg 1145w" sizes="(max-width: 233px) 100vw, 233px" /></a></p>
<p> </p>
<p><strong>An diesen Daten finden Turnstunden von 10.00-11.00 Uhr (3 &#8211; 5-jährige) statt:</strong></p>
<ul>
<li>25.10.2025</li>
<li>8.11.2025</li>
<li>22.11.2025</li>
<li>6.12.2025</li>
<li>13.12.2025</li>
<li>10.1.2026</li>
<li>24.1.2026</li>
<li>28.2.2026</li>
<li>14.3.2026</li>
<li>28.3.2026 (Vakireisli)</li>
</ul>
<p>Unkostenbeitrag: Fr. 4.- pro Turnstunde oder Fr. 20.- Abo für 5x Turnen</p>
<p>Anmeldung nicht nötig!</p>
<p>Auskunft: Edith Burch, Mail: edwa.burch@bluewin.ch</p>
<h5>Unter der Leitung von</h5>
<p><strong>Irène Spichtig<br /></strong><strong>Edith Burch und Alexandra Huber</strong></p>


<figure class="wp-block-image size-large is-resized"><img loading="lazy" src="https://sportunion-sachseln.ch/wp-content/uploads/2023/05/Irene-Spichtig-2-1-edited-scaled.jpg" alt="" class="wp-image-2522" width="169" height="169" srcset="https://sportunion-sachseln.ch/wp-content/uploads/2023/05/Irene-Spichtig-2-1-edited-scaled.jpg 2560w, https://sportunion-sachseln.ch/wp-content/uploads/2023/05/Irene-Spichtig-2-1-edited-300x300.jpg 300w, https://sportunion-sachseln.ch/wp-content/uploads/2023/05/Irene-Spichtig-2-1-edited-1024x1024.jpg 1024w, https://sportunion-sachseln.ch/wp-content/uploads/2023/05/Irene-Spichtig-2-1-edited-150x150.jpg 150w, https://sportunion-sachseln.ch/wp-content/uploads/2023/05/Irene-Spichtig-2-1-edited-768x768.jpg 768w, https://sportunion-sachseln.ch/wp-content/uploads/2023/05/Irene-Spichtig-2-1-edited-1536x1536.jpg 1536w, https://sportunion-sachseln.ch/wp-content/uploads/2023/05/Irene-Spichtig-2-1-edited-2048x2048.jpg 2048w, https://sportunion-sachseln.ch/wp-content/uploads/2023/05/Irene-Spichtig-2-1-edited-230x230.jpg 230w, https://sportunion-sachseln.ch/wp-content/uploads/2023/05/Irene-Spichtig-2-1-edited-80x80.jpg 80w" sizes="(max-width: 169px) 100vw, 169px" /><figcaption>Irène Spichtig</figcaption></figure>



<figure class="wp-block-image size-large is-resized"><img loading="lazy" src="https://sportunion-sachseln.ch/wp-content/uploads/2023/05/IMG-20230504-WA0018-768x1024.jpg" alt="" class="wp-image-2523" width="170" height="226" srcset="https://sportunion-sachseln.ch/wp-content/uploads/2023/05/IMG-20230504-WA0018-768x1024.jpg 768w, https://sportunion-sachseln.ch/wp-content/uploads/2023/05/IMG-20230504-WA0018-225x300.jpg 225w, https://sportunion-sachseln.ch/wp-content/uploads/2023/05/IMG-20230504-WA0018-1152x1536.jpg 1152w, https://sportunion-sachseln.ch/wp-content/uploads/2023/05/IMG-20230504-WA0018.jpg 1536w" sizes="(max-width: 170px) 100vw, 170px" /><figcaption>Edith Burch</figcaption></figure>



<figure class="wp-block-image size-large is-resized"><img loading="lazy" src="https://sportunion-sachseln.ch/wp-content/uploads/2023/05/IMAG3582-768x1024.jpg" alt="" class="wp-image-2524" width="170" height="226" srcset="https://sportunion-sachseln.ch/wp-content/uploads/2023/05/IMAG3582-768x1024.jpg 768w, https://sportunion-sachseln.ch/wp-content/uploads/2023/05/IMAG3582-225x300.jpg 225w, https://sportunion-sachseln.ch/wp-content/uploads/2023/05/IMAG3582-1152x1536.jpg 1152w, https://sportunion-sachseln.ch/wp-content/uploads/2023/05/IMAG3582-1536x2048.jpg 1536w, https://sportunion-sachseln.ch/wp-content/uploads/2023/05/IMAG3582-scaled.jpg 1920w" sizes="(max-width: 170px) 100vw, 170px" /><figcaption> Alexandra Huber</figcaption></figure>



<p></p>

<p>Turnhalle Türli &#8211; nur für sachsler Kinder Nun ist es wieder soweit. Alle Papis (oder Göttis) mit ihren Kindern im Alter von 3 &#8211; 5 Jahren sind zu unserem Turnen herzlich eingeladen. Wir treffen uns jeweils am Samstagmorgen von 10.00&hellip; </p>
