{"id":103,"date":"2015-05-10T20:51:00","date_gmt":"2015-05-10T20:51:00","guid":{"rendered":"http:\/\/sportunion-sachseln.ch\/?page_id=103"},"modified":"2026-03-09T20:55:57","modified_gmt":"2026-03-09T18:55:57","slug":"training-2","status":"publish","type":"page","link":"https:\/\/sportunion-sachseln.ch\/?page_id=103","title":{"rendered":"Training"},"content":{"rendered":"<p>Auf den folgenden Seiten findest du alle Trainingsangebote die wir zur Zeit im Angebot haben. Ebenfalls findest du eine grobe \u00dcbersicht unsere Kinder- und Erwachsenenreigen mit all den n\u00f6tigen Informationen.<\/p>\n<ul>\n<li><a href=\"http:\/\/sportunion-sachseln.ch\/?page_id=1912\">\u00dcbersicht Kinderriegen<\/a><\/li>\n<li><a href=\"http:\/\/sportunion-sachseln.ch\/?page_id=116\">Muki-Turnen<\/a><\/li>\n<li><a href=\"http:\/\/sportunion-sachseln.ch\/?page_id=118\">Vaki-Turnen<\/a><\/li>\n<li><a href=\"http:\/\/sportunion-sachseln.ch\/?page_id=120\">KITU Klein<\/a><\/li>\n<li><a href=\"http:\/\/sportunion-sachseln.ch\/?page_id=122\">KITU Gross<\/a><\/li>\n<li><a href=\"http:\/\/sportunion-sachseln.ch\/?page_id=126\">M\u00e4dchenriege<\/a><\/li>\n<li><a href=\"http:\/\/sportunion-sachseln.ch\/?page_id=128\">Ger\u00e4teturnen<\/a><\/li>\n<li><a href=\"http:\/\/sportunion-sachseln.ch\/?page_id=130\">Jugi<\/a><\/li>\n<li><a href=\"http:\/\/sportunion-sachseln.ch\/?page_id=132\">Polysport<\/a><\/li>\n<li><a href=\"http:\/\/sportunion-sachseln.ch\/?page_id=1955\">\u00dcbersicht Erwachsenenriegen<\/a><\/li>\n<li><a href=\"http:\/\/sportunion-sachseln.ch\/?page_id=138\">Fit4Fun<\/a><\/li>\n<li><a href=\"http:\/\/sportunion-sachseln.ch\/?page_id=140\">Aktiv Plus<\/a><\/li>\n<li><a href=\"http:\/\/sportunion-sachseln.ch\/?page_id=142\">Aktiv im Alter<\/a><\/li>\n<\/ul>\n","protected":false},"excerpt":{"rendered":"<p>Auf den folgenden Seiten findest du alle Trainingsangebote die wir zur Zeit im Angebot haben. Ebenfalls findest du eine grobe \u00dcbersicht unsere Kinder- und Erwachsenenreigen mit all den n\u00f6tigen Informationen. \u00dcbersicht Kinderriegen Muki-Turnen Vaki-Turnen KITU Klein KITU Gross M\u00e4dchenriege Ger\u00e4teturnen&hellip; <\/p>\n","protected":false},"author":1,"featured_media":0,"parent":0,"menu_order":0,"comment_status":"closed","ping_status":"closed","template":"","meta":[],"_links":{"self":[{"href":"https:\/\/sportunion-sachseln.ch\/index.php?rest_route=\/wp\/v2\/pages\/103"}],"collection":[{"href":"https:\/\/sportunion-sachseln.ch\/index.php?rest_route=\/wp\/v2\/pages"}],"about":[{"href":"https:\/\/sportunion-sachseln.ch\/index.php?rest_route=\/wp\/v2\/types\/page"}],"author":[{"embeddable":true,"href":"https:\/\/sportunion-sachseln.ch\/index.php?rest_route=\/wp\/v2\/users\/1"}],"replies":[{"embeddable":true,"href":"https:\/\/sportunion-sachseln.ch\/index.php?rest_route=%2Fwp%2Fv2%2Fcomments&post=103"}],"version-history":[{"count":8,"href":"https:\/\/sportunion-sachseln.ch\/index.php?rest_route=\/wp\/v2\/pages\/103\/revisions"}],"predecessor-version":[{"id":2988,"href":"https:\/\/sportunion-sachseln.ch\/index.php?rest_route=\/wp\/v2\/pages\/103\/revisions\/2988"}],"wp:attachment":[{"href":"https:\/\/sportunion-sachseln.ch\/index.php?rest_route=%2Fwp%2Fv2%2Fmedia&parent=103"}],"curies":[{"name":"wp","href":"https:\/\/api.w.org\/{rel}","templated":true}]}}